 n(k) = k**3 - 3*k**2 - 3*k - 3. What is n(4)?
1
Let h(f) = -f**2 + 14*f - 31. Calculate h(10).
9
Let x(j) = -2*j**2 - j. Calculate x(1).
-3
Let h(w) = 3*w + 21. Calculate h(-7).
0
Let n(d) = d**3 + 3*d**2 + 9. Calculate n(0).
9
Let i(z) = z**2 + 8*z - 10. Give i(-10).
10
Let w(v) = v**3 + 12*v**2 + 7*v - 14. What is w(-12)?
-98
Let x(w) = -5*w + 17. Calculate x(4).
-3
Let d(c) = -c - 12. Calculate d(9).
-21
Let y(c) = -3*c - 24. Determine y(4).
-36
Let a(t) = t**3 + 6*t**2 - 8*t - 11. Determine a(-7).
-4
Let s(l) = 3*l + 6. Calculate s(-1).
3
Let o(a) = -2*a**3 - 22*a**2 - 5*a - 58. Give o(-11).
-3
Let x(r) = r**2 + 10*r - 4. What is x(-8)?
-20
Let o(x) = -20*x + 2. What is o(-2)?
42
Let t(r) = 2*r - 48. What is t(0)?
-48
Let h(k) = -45*k + 801. Determine h(18).
-9
Let u(g) = g**2 - 3*g. Determine u(0).
0
Let v(w) = w**2 + 10*w + 10. Calculate v(-9).
1
Let m(p) = 65*p + 459. Determine m(-7).
4
Let n(g) = 2*g**2 + 9*g - 8. Calculate n(-5).
-3
Let x(r) = -r**2 - 9*r + 38. Calculate x(-12).
2
Let l(o) = o**2 - 6*o + 6. Give l(5).
1
Let s(z) = -z**2 + 19*z - 28. Give s(17).
6
Let q(k) = -k**2 - 18*k + 35. Give q(2).
-5
Let x(p) = -p**2 + 33*p - 14. Determine x(34).
-48
Let g(f) = -f**3 - 7*f**2 - 6*f + 1. What is g(-5)?
-19
Let a(i) = -i**3 - 4*i**2 + 3*i - 5. What is a(-4)?
-17
Let w(l) = -54*l**2 + l - 1. Give w(1).
-54
Let x(a) = -a - 73. Determine x(-66).
-7
Let g(r) = -r**3 - 7*r**2 - 6*r + 2. What is g(-5)?
-18
Let u(j) = -j**2 - 10*j - 4. Calculate u(-8).
12
Let n(b) = b**3 + 2*b**2 + 4*b + 3. Determine n(-1).
0
Let y(t) = t**3 + 5*t**2 - 19*t - 37. Determine y(-8).
-77
Let p(q) = -2*q + 60. Give p(20).
20
Let g(s) = 5*s - 61. Calculate g(11).
-6
Let y(b) = 10*b**2 - 3*b - 3. Give y(-2).
43
Let j(z) = -z**3 + z**2 - 3*z - 3. Determine j(4).
-63
Let h(d) = -4*d + 16. What is h(3)?
4
Let r(k) = 5*k + 48. Determine r(-9).
3
Let l(x) = 6*x + 87. What is l(-14)?
3
Let i(q) = -q + 14. Calculate i(9).
5
Let a(j) = -7*j**3 - 3*j + 3. Give a(2).
-59
Let n(h) = 3*h**2 + 204*h - 217. Calculate n(-69).
-10
Let p(n) = -56*n. Give p(-1).
56
Let b(s) = 3*s - 19. Give b(9).
8
Let u(i) = -i**3 + 6*i**2 + 4*i + 16. Determine u(7).
-5
Let o(c) = c**3 + 4*c**2 - 2*c - 4. Determine o(-3).
11
Let t(s) = s**3 - 14*s**2 + 5. Calculate t(14).
5
Let q(n) = -n**2 - 13*n - 26. What is q(-11)?
-4
Let t(s) = -4*s - 13. What is t(-3)?
-1
Let i(b) = -5*b**2 - b - 1. What is i(-2)?
-19
Let q(a) = -3*a**3 + 5*a**2 - 3*a + 3. Determine q(3).
-42
Let w(y) = -2*y - 3. What is w(5)?
-13
Let j(a) = -17*a**2 + 6*a - 3. What is j(1)?
-14
Let p(a) = -36*a**3 - 2*a**2 - 2*a - 2. Give p(-1).
34
Let o(m) = -m - 2. What is o(-11)?
9
Let s(g) = 7*g - 1. Determine s(-2).
-15
Let o(n) = -n**3 - 30*n**2 + 24. Calculate o(-30).
24
Let p(o) = -o**3 - 4*o**2 - 4*o - 1. What is p(-4)?
15
Let w(g) = -39*g**2 - g + 2. What is w(1)?
-38
Let g(p) = 3*p - 5. Determine g(7).
16
Let k(p) = 4*p - 23. Calculate k(8).
9
Let x(c) = -c**2 + 22*c - 16. Give x(21).
5
Let f(r) = -27*r + 491. What is f(18)?
5
Let m(z) = -6*z + 59. Give m(8).
11
Let f(m) = -4*m - 11. Calculate f(-4).
5
Let z(g) = g**3 - 2*g**2 - 21*g + 2. What is z(7)?
100
Let h(n) = 14*n + 184. What is h(-13)?
2
Let l(j) = -2*j**2 - 6*j + 12. Calculate l(-8).
-68
Let s(z) = z**3 + 6*z**2 - 10*z - 10. Determine s(-7).
11
Let c(n) = 81*n**2 + 6*n + 5. Determine c(-1).
80
Let o(m) = 2*m**3 - m**2 - 1. Determine o(1).
0
Let f(p) = -62*p - 555. What is f(-9)?
3
Let l(r) = 29*r**3 - r**2 + 8*r + 8. What is l(-1)?
-30
Let s(c) = -2*c**2 - 5*c + 8. Calculate s(-5).
-17
Let l(g) = -g**3 + 18*g**2 - 17*g + 7. Determine l(17).
7
Let o(a) = a**2 + 8*a - 5. Determine o(-9).
4
Let p(g) = g**2 - 2*g. Determine p(3).
3
Let l(u) = -u**2 - 2*u - 4. Calculate l(-5).
-19
Let r(p) = -2*p - 2. What is r(11)?
-24
Let w(z) = -z**2 - 7*z + 22. What is w(-6)?
28
Let w(d) = 6*d + 61. Calculate w(-11).
-5
Let m(s) = 2*s**2 + 3*s + 1. Calculate m(2).
15
Let j(a) = -2*a**2 - 4*a + 4. Calculate j(-3).
-2
Let p(m) = 2*m + 38. Calculate p(-35).
-32
Let b(q) = 15*q + 1300. Calculate b(-87).
-5
Let q(y) = -30*y - 9. What is q(-2)?
51
Let l(b) = -2*b**2 - 2*b - 2. What is l(-3)?
-14
Let l(b) = -2*b**3 + 18*b**2 + 2*b + 17. Give l(9).
35
Let i(q) = -q + 29. What is i(0)?
29
Let d(i) = i**3 + 25*i**2 - 2*i - 55. Determine d(-25).
-5
Let a(c) = 3*c**2 - 45*c - 48. Calculate a(16).
0
Let p(s) = s**3 - 5*s**2 - 6*s - 5. Calculate p(6).
-5
Let j(c) = -2*c + 42. Calculate j(22).
-2
Let v(p) = -p**2 + 2*p - 12. Give v(5).
-27
Let v(u) = u**2 - 19*u - 113. Determine v(24).
7
Let k(n) = -n**3 - 4*n**2 + 11*n - 4. Give k(0).
-4
Let l(t) = -t**2 + t + 4. Give l(6).
-26
Let u(j) = -3*j**3 - j**2 + 1. Give u(-1).
3
Let b(o) = o**3 - 18*o**2 - 4*o - 35. What is b(18)?
-107
Let i(n) = -5*n**2 - n - 1. What is i(-3)?
-43
Let s(a) = -a**3 - 8*a**2 - 10*a - 23. Determine s(-7).
-2
Let d(j) = j**2 + 12*j - 34. What is d(-14)?
-6
Let j(g) = 67*g + 5. Give j(-1).
-62
Let b(q) = 4*q - 1. What is b(-2)?
-9
Let j(t) = 2*t**3 + t**2 - 2*t - 1. Give j(-1).
0
Let l(p) = -p**3 - 13*p**2 + 16*p + 34. Give l(-14).
6
Let x(b) = b**2 - 4*b + 2. Calculate x(7).
23
Let s(g) = -3*g**3 - 5*g**2 - 4*g - 5. What is s(-3)?
43
Let x(c) = -c**3 + 13*c**2 - 15*c + 15. Determine x(12).
-21
Let t(r) = -r**3 - 18*r**2 - 1. Determine t(-18).
-1
Let a(r) = r + 12. Determine a(-14).
-2
Let g(b) = -b**2 - 3*b + 2. What is g(-6)?
-16
Let x(t) = t**2 + 5*t - 9. Determine x(2).
5
Let u(j) = -17*j - 4. Give u(-2).
30
Let g(d) = -29*d**2 + d + 1. Determine g(2).
-113
Let r(n) = 3*n - 33. Determine r(12).
3
Let k(d) = d**2 + 4*d + 15. Give k(-4).
15
Let v(d) = -3*d - 3. Calculate v(3).
-12
Let k(u) = 2*u - 4. What is k(13)?
22
Let r(y) = 2*y**3 - 2*y**2 - 2*y + 3. Calculate r(1).
1
Let w(b) = 2*b**2 - b - 4. What is w(5)?
41
Let g(v) = -v**3 + 7*v**2 - 11*v - 5. Give g(5).
-10
Let x(o) = -43*o - 352. Determine x(-8).
-8
Let z(q) = 2*q**2 + 9*q - 60. Determine z(-8).
-4
Let k(o) = o. What is k(4)?
4
Let k(t) = -3*t - 28. Give k(-12).
8
Let w(t) = 2*t**3 - 3*t**2 + 2*t - 4. Give w(2).
4
Let w(b) = -b**2 + 14*b - 12. What is w(10)?
28
Let p(l) = l**3 - 10*l**2 + 4*l - 3. Determine p(9).
-48
Let r(g) = -g**2 + 5*g - 12. What is r(4)?
-8
Let o(r) = 2*r + 12. Give o(-8).
-4
Let n(a) = a**3 - a**2 - 2*a + 2. Calculate n(3).
14
Let f(t) = 19*t - 1. What is f(1)?
18
Let q(d) = 3*d**3 - 165*d**2 + d - 62. Calculate q(55).
-7
Let z(l) = -l**2 + 14*l - 22. Calculate z(8).
26
Let x(s) = -s**2 + 6*s + 148. What is x(-12)?
-68
Let k(w) = 2*w + 60. Determine k(-14).
32
Let l(c) = c**3 + 6*c**2 - 10*c + 13. Calculate l(-8).
-35
Let m(y) = 9*y**2 - 111*y + 28. Give m(12).
-8
Let k(l) = -20*l**3. What is k(1)?
-20
Let g(p) = 10*p**2 - 3*p. What is g(-3)?
99
Let u(o) = -o**2 - 19*o - 8. What is u(-19)?
-8
Let j(o) = -4*o - 9. Give j(4).
-25
Let z(l) = l**3 - 5*l**2 - 5*l + 2. Determine z(6).
8
Let i(p) = -p**3 - 8*p**2 - 10*p + 4. Give i(-6).
-8
Let w(t) = t**3 - 9*t**2 + 9*t + 9. Give w(7).
-26
Let r(k) = 3*k + 19. Determine r(-8).
-5
Let j(d) = d - 14. Determine j(-5).
-19
Let b(i) = -9*i - 4. Calculate b(-1).
5
Let r(t) = -t - 1. Calculate r(3).
-4
Let u(i) = 10*i + 190. What is u(-19)?
0
Let y(g) = 4*g**2 + 47*g - 22. Give y(-12).
-10
Let h(t) = -2*t**3 + 5*t**2 - t - 2. Determine h(3).
-14
Let a(n) = -5*n + 7. Calculate a(-4).
27
Let j(o) = o**3 - 9*o**2 + 2*o - 13. Give j(9).
5
Let g(f) = f**2 - 26*f - 3. What is g(26)?
-3
Let s(i) = 2*i + 43. Determine s(-17).
9
Let a(t) = 9*t + 70. Give a(-9).
-11
Let v(i) = -5*i**3 - 3*i**2 + 8*i - 6. What is v(1)?
-6
Let m(u) = -u**2 - 9*u - 18. Give m(-2).
-4
Let j(r) = -3*r - 66. Determine j(-20).
-6
Let s(p) = 3*p - 67. Determine s(21).
-4
Let g(z) = -7*z + 12. Give g(3).
-9
Let i(p) = -p**2 + p + 22. Determine i(0).
22
Let f(b) = -b**3 - 8*b**2 + 11*b + 34. Give f(-10).
124
Let x(g) = g**3 - 9*g**2 + 4*g - 14. Calculate x(8).
-46
Let d(r) = -r**3 + 20*r**2 - 17*r - 33. Calculate d(19).
5
Let m(a) = -a**3 + 11*a**2 + 8*a + 24. Determine m(12).
-24
Let u(w) = w**3 - w**2 + 2*w - 4. What is u(0)?
-4
Let n(s) = -19*s + 206. Give n(11).
-3
Let b(g) = g**2 + 9*g + 8. Determine b(-4).
-12
Let y(n) = -5*n**3 - 114*n**2 + 21*n - 28. Determine y(-23).
18
Let l(h) = h**3 + 10*h**2 - 16*h + 2. Give l(-12).
-94
